{"id":184,"date":"2019-07-15T15:42:47","date_gmt":"2019-07-15T15:42:47","guid":{"rendered":"https:\/\/imerge.pt\/?page_id=184"},"modified":"2021-03-12T09:46:28","modified_gmt":"2021-03-12T09:46:28","slug":"industria-outros","status":"publish","type":"page","link":"https:\/\/imerge.pt\/?page_id=184","title":{"rendered":"Outros"},"content":{"rendered":"<!-- wp:themify-builder\/canvas \/-->","protected":false},"excerpt":{"rendered":"","protected":false},"author":1,"featured_media":0,"parent":0,"menu_order":0,"comment_status":"closed","ping_status":"closed","template":"","meta":[],"builder_content":"<h1 style=\"text-align: center;\">\u00a0Outros<\/h1>\n<ul> <li>OPCA \u2013 Novos Escrit\u00f3rios de Matosinhos - Quadros el\u00e9ctricos, Ilumina\u00e7\u00e3o, Tomadas, Rede estruturada, Sistema de Detec\u00e7\u00e3o de Inc\u00eandios e de Intrus\u00e3o. \u2013 Iberseta.<\/li> <li>Aeroporto S\u00e1 Carneiro<\/li> <li>Instala\u00e7\u00e3o da Monitoriza\u00e7\u00e3o da Informa\u00e7\u00e3o do Aeroporto<\/li> <li>BHS-Instala\u00e7\u00e3o dos carroc\u00e9is de bagagens. - Siemens S.A.<\/li> <li>Introdu\u00e7\u00e3o de Arranque de Emerg\u00eancia das Bombas de Expedi\u00e7\u00e3o de JET Fuel \u2013 SABA Aviation<\/li> <li>Introdu\u00e7\u00e3o de Sistema de teste das botoneiras \u2013 SABA Aviation<\/li> <li>Hospital S. Jo\u00e3o de Deus (Bloco Operat\u00f3rio e Esteriliza\u00e7\u00e3o) - V.N. de Famalic\u00e3o<\/li> <li>Instala\u00e7\u00e3o El\u00e9ctricas de AVAC, Quadros El\u00e9ctricos, Ilumina\u00e7\u00e3o e Tomadas, Rede de Equipotencializa\u00e7\u00e3o, Rede Estruturada, UPS, Sistema de recep\u00e7\u00e3o de TV, Sistema de Intercomunica\u00e7\u00e3o, Sistema de CCTV e Video Porteiro, Sistema de Detec\u00e7\u00e3o de Inc\u00eandios de Som. \u2013 Efacec Ambiente S.A.<\/li> <li>Faculdade de Ci\u00eancias do Porto (Jardim Bot\u00e2nico) - Remodela\u00e7\u00e3o das Instala\u00e7\u00f5es El\u00e9ctricas; Quadros El\u00e9ctricos, Ilumina\u00e7\u00e3o e Tomadas e Rede de Equipotencializa\u00e7\u00e3o. \u2013 IGEMACI Lda<\/li> <li>Globe Motors Portugal \u2013 Vila do Conde \u2013 Instala\u00e7\u00e3o de Quadros El\u00e9ctricos, Ilumina\u00e7\u00e3o e Tomadas, Ilumina\u00e7\u00e3o de Emerg\u00eancia, UPS, Rede de 110\/220V compostos para alimenta\u00e7\u00e3o de equipamentos.<\/li> <li>Globe Motors Portugal \u2013 Vila do Conde \u2013 Linhas FIAT, Renault e Nissan \u2013 Instala\u00e7\u00e3o El\u00e9ctrica de alimenta\u00e7\u00e3o das m\u00e1quinas das linhas de produ\u00e7\u00e3o de material el\u00e9ctrico.<\/li> <li>AutoEuropa \u2013 Palmela \u2013 Instala\u00e7\u00e3o El\u00e9ctrica associada \u00e0 produ\u00e7\u00e3o de \u00e1gua arrefecida para alimenta\u00e7\u00e3o do sistema robotizado da nova linha de produ\u00e7\u00e3o da Volkswagen.<\/li> <li>Continental Mabor, S.A. \u2013 Lousado \u2013 Instala\u00e7\u00e3o El\u00e9trica associada ao aproveitamento de entalpia e ventila\u00e7\u00e3o do ACS. \u2013 Micatri, Lda.<\/li> <\/ul>","_links":{"self":[{"href":"https:\/\/imerge.pt\/index.php?rest_route=\/wp\/v2\/pages\/184"}],"collection":[{"href":"https:\/\/imerge.pt\/index.php?rest_route=\/wp\/v2\/pages"}],"about":[{"href":"https:\/\/imerge.pt\/index.php?rest_route=\/wp\/v2\/types\/page"}],"author":[{"embeddable":true,"href":"https:\/\/imerge.pt\/index.php?rest_route=\/wp\/v2\/users\/1"}],"replies":[{"embeddable":true,"href":"https:\/\/imerge.pt\/index.php?rest_route=%2Fwp%2Fv2%2Fcomments&post=184"}],"version-history":[{"count":27,"href":"https:\/\/imerge.pt\/index.php?rest_route=\/wp\/v2\/pages\/184\/revisions"}],"predecessor-version":[{"id":560,"href":"https:\/\/imerge.pt\/index.php?rest_route=\/wp\/v2\/pages\/184\/revisions\/560"}],"wp:attachment":[{"href":"https:\/\/imerge.pt\/index.php?rest_route=%2Fwp%2Fv2%2Fmedia&parent=184"}],"curies":[{"name":"wp","href":"https:\/\/api.w.org\/{rel}","templated":true}]}}

<h1 style="text-align: center;"> Outros</h1>
<ul> <li>OPCA – Novos Escritórios de Matosinhos - Quadros eléctricos, Iluminação, Tomadas, Rede estruturada, Sistema de Detecção de Incêndios e de Intrusão. – Iberseta.</li> <li>Aeroporto Sá Carneiro</li> <li>Instalação da Monitorização da Informação do Aeroporto</li> <li>BHS-Instalação dos carrocéis de bagagens. - Siemens S.A.</li> <li>Introdução de Arranque de Emergência das Bombas de Expedição de JET Fuel – SABA Aviation</li> <li>Introdução de Sistema de teste das botoneiras – SABA Aviation</li> <li>Hospital S. João de Deus (Bloco Operatório e Esterilização) - V.N. de Famalicão</li> <li>Instalação Eléctricas de AVAC, Quadros Eléctricos, Iluminação e Tomadas, Rede de Equipotencialização, Rede Estruturada, UPS, Sistema de recepção de TV, Sistema de Intercomunicação, Sistema de CCTV e Video Porteiro, Sistema de Detecção de Incêndios de Som. – Efacec Ambiente S.A.</li> <li>Faculdade de Ciências do Porto (Jardim Botânico) - Remodelação das Instalações Eléctricas; Quadros Eléctricos, Iluminação e Tomadas e Rede de Equipotencialização. – IGEMACI Lda</li> <li>Globe Motors Portugal – Vila do Conde – Instalação de Quadros Eléctricos, Iluminação e Tomadas, Iluminação de Emergência, UPS, Rede de 110/220V compostos para alimentação de equipamentos.</li> <li>Globe Motors Portugal – Vila do Conde – Linhas FIAT, Renault e Nissan – Instalação Eléctrica de alimentação das máquinas das linhas de produção de material eléctrico.</li> <li>AutoEuropa – Palmela – Instalação Eléctrica associada à produção de água arrefecida para alimentação do sistema robotizado da nova linha de produção da Volkswagen.</li> <li>Continental Mabor, S.A. – Lousado – Instalação Elétrica associada ao aproveitamento de entalpia e ventilação do ACS. – Micatri, Lda.</li> </ul>
